Let u = 11 + i. Suppose -s = 5*t - 23 - 6, -2*t + 14 = -2*s. Calculate the remainder when u is divided by t.
4
Suppose -8*l + 212 = -4*l. Let d be ((-60)/30)/(-1 - (-33)/32). What is the remainder when l is divided by 21/3*(d/(-14) + -2)?
17
Suppose -7*s = -2*k - 2*s + 788, -5*s - 20 = 0. Calculate the remainder when k is divided by 77.
76
Let i(j) = -20*j + 862. Calculate the remainder when i(33) is divided by 12.
10
Calculate the remainder when 52 is divided by (-1)/(6/456*-4).
14
Calculate the remainder when 202 is divided by (-1)/5 - 7839/(-195).
2
Let d = 75 - 73. Suppose -28 = -d*z + 5*r, -3*z + 3*r = -0*z - 51. What is the remainder when 88 is divided by z?
12
Let g = -389 - -277. Let b = g - -139. Calculate the remainder when 133 is divided by b.
25
Suppose -2*t + 22 = -38. Let z = -590 - -598. What is the remainder when t is divided by z?
6
Suppose -j - 3*h + 11 = 0, 4*j + 3*h + 14 - 58 = 0. What is the remainder when 74 is divided by j?
8
Let o = 2 - -2. Let r be (0 - 0) + 4/o. Calculate the remainder when -6*10*r/(-6) is divided by 6.
4
Let b = -29 - -49. Let m = 37 - b. Suppose 13*j + 15 = 8*j, -2*h - 4*j = -54. What is the remainder when h is divided by m?
16
Let w = -104 - -105. What is the remainder when (-5 - w)*(-10)/6 is divided by 3?
1
Let t(k) = -k + 41. Let u be t(0). Let f = 51 - u. Calculate the remainder when 37 is divided by f.
7
Let x be (-2)/(-7) - (-24912)/126. Suppose -37*i + x = -35*i. Calculate the remainder when i is divided by 17.
14
Let z = -26 + 64. Suppose 2*q = 4*g + z, -5*q = g + 2*g - 134. Calculate the remainder when 199 is divided by q.
24
Let g be 25/(-3)*16/(-10)*3. Suppose 5*h + 4*x + 0*x = g, 5*x + 8 = h. Let n(j) = 8*j - 9. Calculate the remainder when n(6) is divided by h.
7
Let n = 39 + -33. Suppose c + n*c = 196. Let w = -3 + c. Calculate the remainder when 97 is divided by w.
22
Let d = -24 - -28. Suppose -30 = -6*m + d*m + 3*z, -5*z = 5*m - 125. Let o = 4 + 79. What is the remainder when o is divided by m?
20
Let x(s) = -s**2 + s + 9. Let v be x(-4). Let d(p) = -3*p + p - p**3 + 2*p**2 - 6 - 13*p**2. Calculate the remainder when 47 is divided by d(v).
15
Let v(g) = -3*g**2 + 19*g + 9. Let h = -17 - -35. Let p = -8 + h. Calculate the remainder when v(4) is divided by p.
7
What is the remainder when 55 is divided by -4 + (-5 - (-155)/20)*4?
6
Let t(f) = -1 + 2*f**2 - 3*f**2 + 11*f - f - 6. Calculate the remainder when 7 is divided by t(9).
1
What is the remainder when 150/2025 - (-1616)/54 is divided by 12?
6
Let c = 748 - 739. What is the remainder when 16 is divided by c?
7
Calculate the remainder when (-4)/14 - 471/(-7) is divided by (-304)/(-22) + (-8)/(-44).
11
Suppose 2*y - 6 = 46. Let f(h) = h - 22. Let o be f(9). Let k = 22 + o. What is the remainder when y is divided by k?
8
Let k = -36 - -38. Suppose -5*p = g - k, -5*p - 22 = -2*g - 3. What is the remainder when g is divided by (-72)/(-15) - 1/(-5)?
2
Let l(t) be the first derivative of 5*t**3/3 + t**2 - t - 6. Calculate the remainder when 11 is divided by l(1).
5
Let n(t) = -15*t - 107. Calculate the remainder when n(-26) is divided by 26.
23
Let p = 9 - 2. Suppose 4*g - 124 = -2*w, -g = -5*w - p - 24. Suppose -k - 8 = -g. Calculate the remainder when k is divided by 13.
10
What is the remainder when 54 is divided by (-4)/34 + ((-4800)/68)/(-5)?
12
Suppose 5129 = 37*s - 606. What is the remainder when s is divided by 6?
5
Suppose 2*r - 3*g - 9 = -0*g, 3*g + 12 = 3*r. Suppose -r*b + 3 = 0, -5*b + 0*b - 12 = -t. What is the remainder when 67 is divided by t?
16
Let v = 4 - 4. Suppose -185 = -3*k - v*k - u, 115 = 2*k - u. What is the remainder when k is divided by 8?
4
Let l(d) = 2*d**3 - 15*d**2 - 7*d + 2. Calculate the remainder when 38 is divided by l(8).
8
Let u be -3*3*(-2)/9. Suppose -4*c + 1 = 5, 0 = 5*a + u*c - 103. Suppose -185 + 25 = -4*l. Calculate the remainder when l is divided by a.
19
Suppose -21*w - 209 = -23*w - n, w + 4*n - 115 = 0. Calculate the remainder when w is divided by 2/(-4)*(-50 - 2).
25
Suppose 97*t = 30*t + 536. Suppose 1 = 2*s - 5. Calculate the remainder when t is divided by s.
2
Suppose 7*r - 5*r = 60. Calculate the remainder when r is divided by (16/(-28))/((-5)/140).
14
Suppose -6*f + 10*f = 8. Suppose f*l = 4*h - l - 51, 3*h - 33 = 4*l. What is the remainder when 39 is divided by h?
9
Suppose 25*d - 2370 = -5*d. What is the remainder when d is divided by 18?
7
Let m(b) = 7*b**2 - 28*b - 119. What is the remainder when m(-5) is divided by 26?
14
Suppose -6*p = -7*p - 3*u + 4, -6 = p + 5*u. Let d(f) = 3*f**2 - f + 3. What is the remainder when d(5) is divided by p?
16
Let d = 174 + -111. What is the remainder when 502 is divided by d?
61
Suppose 0 = -4*r + 34 + 6. Let l be ((-4)/5)/(2/r). What is the remainder when l/26 - 3645/(-117) is divided by 8?
7
Suppose 0 = 4*t - 10 - 2. Suppose z + 5*r + 8 = -t, -4*r = 20. What is the remainder when (-1)/(-5)*134 - 39/(-195) is divided by z?
13
What is the remainder when 319 is divided by ((-144)/21)/((-39)/182)?
31
Let b = 314 - 258. Calculate the remainder when 215 is divided by b.
47
Let c be ((-20)/1)/(4 + 52/(-12)). Suppose -s - s - z = -296, -2*z = -3*s + 444. Suppose -4*g = -s + c. What is the remainder when 65 is divided by g?
21
Let d = -5892 + 5918. Calculate the remainder when 1/(0 - 1/(-128)) is divided by d.
24
Suppose u + 4*u = 115. Suppose 13 = -i + 9, 0 = -q + 5*i + 63. Calculate the remainder when q is divided by u.
20
Let s = -528 + 563. Calculate the remainder when 279 is divided by s.
34
Let u(g) = g - 5. Let a be u(8). Suppose 5*n - 97 = -a*f + 2*f, -4*n + 70 = -3*f. Calculate the remainder when n is divided by 12.
7
Suppose l + 32 - 78 = 0. What is the remainder when 411 is divided by l?
43
Let z(c) = 15*c**2 + 2*c + 7. Let d = 6 + -10. Let h(y) = 7*y**2 + y + 3. Let k(m) = d*z(m) + 9*h(m). What is the remainder when 6 is divided by k(1)?
0
Let q(d) = d**2 - 2*d + 4. Let u be q(2). Suppose u*s - k = 65, 4*s + k = -2*k + 77. What is the remainder when s is divided by 9?
8
Suppose 2094 = 2*a + 3*j - 5*j, 5*a - 3*j - 5245 = 0. Suppose -3*d + 4*l = -500, -5*d + l = 196 - a. What is the remainder when d is divided by 44?
40
Let b(q) = -28*q - 133. What is the remainder when 134 is divided by b(-6)?
29
Let o be (-2733)/(-27) - 4/18. Suppose 2*s = 15 + o. Calculate the remainder when s is divided by 3 - (-25)/(-5) - -14.
10
Let x(w) = w**2 - 36*w + 145. What is the remainder when x(38) is divided by 8?
5
Let c = 8 + -5. Let d = 11 - -13. Suppose -d = -12*p + 4*p. Calculate the remainder when p is divided by c.
0
Let r(w) = 2*w**2 + 18*w - 8. What is the remainder when 117 is divided by r(-10)?
9
Let g be 2/4 - 54/(-4). Let k = g - 12. Suppose k*b - 3*b + 8 = 0. What is the remainder when 31 is divided by b?
7
Suppose 1187*m = 1176*m + 187. Calculate the remainder when 1986 is divided by m.
14
Suppose 64*x = 63*x + 2. Suppose -2*q - 2 = -q, -x*b = 4*q - 50. What is the remainder when b is divided by 5?
4
Suppose 7*j = 646 + 530. Suppose -j = -4*p - 3*p. Calculate the remainder when p is divided by 13.
11
Let l be 0*(-1)/3*3. Suppose l = -t + 6*t - 50. Calculate the remainder when 95 is divided by (-3*4)/(t/(-20)).
23
Let w(m) = -62*m - 369. What is the remainder when w(-8) is divided by 10?
7
Suppose 4*w = 3*j + 7*w - 81, 5 = -w. Calculate the remainder when j is divided by 10.
2
Let k(a) = -8*a**2 - 15*a + 230. Calculate the remainder when k(0) is divided by 20.
10
Calculate the remainder when (3 - 4)/(10/(-550)) is divided by 33.
22
Suppose -3*x + 374 = -2*l, 12*x - 376 = 9*x + 4*l. Calculate the remainder when x is divided by 30.
4
Let z(f) be the second derivative of 3*f**3/2 - 3*f**2/2 + f - 5. Let m be (-20)/(-6) + 6/9. Calculate the remainder when z(m) is divided by 9.
6
Suppose 3*f + 3 = 0, 5*r = -9*f + 12*f + 148. Suppose 2*o - 4*x - 24 = 14, 5*o + 3*x - 108 = 0. Let a = 37 - o. What is the remainder when r is divided by a?
13
Let a(u) = 17*u. Let w be a(1). Let h = w + -1. Calculate the remainder when h is divided by (12/(-10)*2)/((-86)/215).
4
Let u = 0 - -14. Let v = 50 - 14. Calculate the remainder when (-32)/u - -2 - 1992/(-14) is divided by v.
34
Let c(p) be the second derivative of -p**4/12 + 8*p**3/3 - 3*p**2/2 + 10*p. Calculat